76. Calculate the remainder when 276 is divided by d.
10
Let h(k) = -77*k + 486. Calculate the remainder when 205 is divided by h(6).
13
Let r = 59 + -60. Let w(u) = 4*u**3 - u**2 - 3*u - 2. Let s be w(r). What is the remainder when ((-302)/s)/1*2 is divided by 38?
37
Suppose 0 = 2*n - 4*j - 10 - 48, 5*j = -2*n + 76. What is the remainder when 2044 is divided by n?
31
Let x = 83 - 10. Suppose 24*c - 76 - 567 = 245. Calculate the remainder when x is divided by c.
36
Let m(h) = 3*h**2 + 73*h + 487. What is the remainder when m(-7) is divided by 93?
30
Suppose -42*x = -25*x + 816. Calculate the remainder when 17319/99 - x/792 is divided by 90.
85
Let u(d) = 32 + 47 + 83 - 2 + 0 + 34*d. Calculate the remainder when 93 is divided by u(-4).
21
Suppose -628*u + 679*u - 6834 = 0. Calculate the remainder when 5890 is divided by u.
128
Let c = 3 + -5. Let v = 26 + c. Calculate the remainder when -2 + 161 - ((-345)/42 - (-135)/630) is divided by v.
23
Let h = -12 + 15. Suppose 4*u - 3*u = -h*j + 36, -3*u = -3*j + 48. Calculate the remainder when j is divided by ((-202)/303)/(0 - (-1)/(-9)).
1
Let u(h) = 2*h**3 - 17*h**2 + 37*h - 172. Let m = -182 - -297. What is the remainder when m is divided by u(8)?
55
Let t be 2/(-9) + (-38)/(-9). Suppose -16 = -t*d + 44. Let p(o) = 2*o + 24. What is the remainder when p(10) is divided by d?
14
Suppose 0 = -2*q - 21 + 25. Suppose -48 = -q*t - 2*y, -2*t + 3*y = -0*t - 33. Let u = 27 - t. Calculate the remainder when u is divided by 1.
0
Suppose 205 = 5*d + 5*x, -5*d + 180 = -x + 5. Suppose -4*h - 2*z + 316 = d, 2*z = -3*h + 211. What is the remainder when h is divided by 6?
3
Suppose -5*k + 854 = -261 - 225. What is the remainder when k is divided by 118?
32
Let q be 2 + -5 + (-2 - -2) - -5. What is the remainder when 48 is divided by 33*6/18 - (q + 0)?
3
Let i = -25482 - -25493. What is the remainder when 730 is divided by i?
4
Let c = -1027 + 2508. What is the remainder when c is divided by 19?
18
Let i be ((-3)/2)/(10/(80/6)). What is the remainder when 84 is divided by (i/(-6)*-1)/((-7)/105)?
4
Suppose 919 = 9*m + 856. What is the remainder when 1255 is divided by m?
2
Suppose 1613 = 3*d - g, -17*d + 22*d - g = 2685. Calculate the remainder when d is divided by 522.
14
Suppose -5*m + 1109 = -12*w + 11*w, -4*w = -3*m + 679. What is the remainder when 17015 is divided by m?
219
Suppose 4*n + 4*d = -5 + 25, 0 = -5*n - 2*d + 10. Suppose 47*s + 56 - 479 = n. What is the remainder when 30 is divided by s?
3
Let z(l) = 10*l + 17. Let m(u) be the second derivative of u**3/6 + u**2/2 + 14*u. Let c(g) = 4*m(g) - z(g). What is the remainder when c(-6) is divided by 13?
10
Suppose 848 = 48*a + 80. Let y be ((-4)/10)/(1/(-20)). Let b = a - y. What is the remainder when 36 is divided by b?
4
Let u = -9208 - -9334. Suppose 2*z + 40 = -2*z. Let x = 22 - z. Calculate the remainder when u is divided by x.
30
Let g(u) = 2*u**2 - 26*u + 14. Let x(m) = -19*m + 44. Calculate the remainder when x(-2) is divided by g(13).
12
Let i = 1011 - 578. Calculate the remainder when i is divided by (-10)/(-95)*(-18031)/(-26).
68
Let d(i) = 12*i**2 - 10*i + 34. What is the remainder when d(3) is divided by 26/((-5)/((-20)/8))?
8
Let t = -301 - -426. Suppose 4*g - t = 59. What is the remainder when g is divided by 26?
20
Calculate the remainder when 219 is divided by (-2)/(-6) + (500/24)/((-8)/(-16)).
9
Let d = 6688 + -6632. Calculate the remainder when 1618 is divided by d.
50
Calculate the remainder when 375 is divided by (10 - (-53)/4)/(34/8 + -4).
3
Let b(x) = 15*x**2 - 28 - 554*x**3 + 277*x**3 + 278*x**3 - 18*x. Let y = 6 + -4. What is the remainder when b(-16) is divided by y?
0
Suppose -5*j + 164 = -4*c - 113, 0 = 3*c - 6. Suppose a - 5*a = -20. Suppose a*y = w + 4*w + 60, 42 = 2*y + 4*w. Calculate the remainder when j is divided by y.
12
Let z(c) = -3*c**2 - 21*c + 13. Let u(f) = 4*f**2 + 31*f - 21. Let h(x) = -5*u(x) - 7*z(x). What is the remainder when 42 is divided by h(9)?
19
Let a = 208 + -193. Let b(g) = -20*g - 69. What is the remainder when b(-7) is divided by a?
11
Suppose q = 0, 4*j - 9*j + 50 = q + 4*q. Calculate the remainder when 1063 is divided by j.
3
Calculate the remainder when 1570 is divided by ((-9)/((-216)/16))/(4/78).
10
Suppose -4*c = -3*b + 6 - 18, -5*c = -4*b - 16. Let l be (2 + (-14)/4)*(-80)/60. Calculate the remainder when 67 is divided by 36 + l + (-4 - (c + -1)).
32
Let a(f) = 8*f**3 - 2*f + 3. Suppose 0 = 4*p - 5*h - 56, -3*p + 42 = -27*h + 22*h. What is the remainder when a(2) is divided by p?
7
Suppose -401*v - 100 = -405*v. Suppose -6*y = -9*y + 87. Let p = -16 + y. Calculate the remainder when v is divided by p.
12
Suppose 5*n - 2*f = 93, 272*f + 41 = 2*n + 275*f. What is the remainder when 29 is divided by n?
10
Let p(t) = 22 - 17 - 10 + 5*t. Let i be p(1). Suppose i = -3*s + 22 - 13. What is the remainder when 8 is divided by s?
2
Let q(k) = -2*k**3 + 32*k**2 - 11*k - 9. Let v be q(15). Let g = -2 - -14. Calculate the remainder when (26/(-7) - -4) + v/14 is divided by g.
8
Let a be 28/((2 + (-15)/6)/(-1)). Let y = 61 - a. Suppose -y*i = 3*p - 21, 0 = 2*p + 6. Calculate the remainder when i is divided by 2.
0
Let s(m) = 4*m**2 + 12*m - 1690. What is the remainder when s(-35) is divided by 133?
130
Suppose 3*h + 171*f = 168*f + 822, 0 = -5*h - f + 1342. Calculate the remainder when 757 is divided by h.
223
Let h(f) = 2*f - 15. Let g be h(9). Suppose 408 = -g*j + 37*j. What is the remainder when 93 is divided by j?
9
Let i = -648 + 714. Suppose i*j - 64*j = 76. Calculate the remainder when j is divided by 12.
2
Let z(n) = 3*n**2 - 19*n - 2. Let h(g) = -g**2 + 9*g + 1. Let t(w) = 5*h(w) + 2*z(w). What is the remainder when t(-14) is divided by 50?
49
Let d = 19 + -12. Suppose -2*o + 9 = d. Suppose -o = 3*g - 46. What is the remainder when 28 is divided by g?
13
Suppose -4*g = -2*g - 4*u + 184, -g + 4*u = 98. Let n = g - -86. Suppose n = -2*y + l + 7, 2*y - 10 = -0*y - 2*l. What is the remainder when 17 is divided by y?
1
Suppose -90 = 3*d + 3*d. What is the remainder when (-271)/((13 + d)/(1 + 1)) is divided by 21?
19
Suppose -o + 500 = 31*y - 28*y, -5*o - 3*y + 2476 = 0. What is the remainder when o is divided by 469?
25
Let v = -3232 - -3239. What is the remainder when 1301 is divided by v?
6
Let b = 9 + -6. Suppose -42 = -5*n - 2*p, -n = b*p - 1 + 3. What is the remainder when 627/22*((-120)/36)/(-5) is divided by n?
9
Suppose 0 = b + 3*j + 11, 2*b - 3*j = 2*j. What is the remainder when (-564)/b + (-22)/(-110) is divided by 34?
11
Let f be (1*(-32)/(-12))/(1/51). Let y = f + -125. What is the remainder when 66 is divided by y?
0
Let g = 147 + -86. Suppose -2*q + 5*f = 286, -11*q - 5*f = -15*q - 592. Let i = 161 + q. What is the remainder when g is divided by i?
5
Suppose 24*h - 25*h = -2*y + 430, -h = y - 209. What is the remainder when y is divided by 170?
43
Let i = -218 - -220. Suppose -4*a = 0, -k = i*k - 4*a - 783. Calculate the remainder when k is divided by 66.
63
Suppose -d + 5*j + 129 + 130 = 0, j - 1191 = -5*d. Let t = d - 220. What is the remainder when (46 - -2) + -3 - 0 is divided by t?
7
Suppose -73*b + 30 = -70*b. Let f be 9 - -5 - 1/(-1). Calculate the remainder when (-948)/(-8)*b/f is divided by 16.
15
Let f(g) = -2*g**2 + 121*g + 1943. What is the remainder when f(71) is divided by 438?
14
Suppose 0 = 4*l + y - 438, 22*l = 19*l - 2*y + 336. What is the remainder when 335 is divided by l?
11
Let s = -3462 + 3605. Suppose 0 = 5*u - z - 56, u + 0*u - 24 = -3*z. Calculate the remainder when s is divided by u.
11
Suppose -5*p - 2*u - 66 = 0, u - 54 = 4*p - 9. Let v = -93 - -90. Calculate the remainder when 19 is divided by (82/8 - v/p) + 1.
8
Let d = 7204 + -7053. Calculate the remainder when d is divided by 131.
20
Let o(w) = -21*w - 138. Let x be o(-7). Calculate the remainder when (0 - (-3)/1) + x*54 is divided by 10.
9
Let b = -19954 - -20076. Let x = -19 - -11. Let g = x + 49. Calculate the remainder when b is divided by g.
40
Let d be (3 + -2)*-111*(-4)/(-3). Let y = -135 - d. Calculate the remainder when 141 is divided by y.
11
Let j = 173 - 60. Suppose 2*f + 40 = 2*u - 1010, -u + 537 = 5*f. Let k = 550 - u. What is the remainder when j is divided by k?
21
Let v(x) = -15*x - 3. Le